- 5*q + 10 = 0, -37*x + 33*x + 6*q = -64. Let z(j) = 3*j - 12. Let a(k) = k - 1. Let s(f) = -2*a(f) + z(f). What is s(x)?
0
Let t(l) = -3*l + 4*l + 0*l - 4. Suppose -3*b = 4*j + 5, b - 30 = 4*j - 5. Let z be (9/(-15))/(1/j). Give t(z).
-1
Let i(f) = 8*f**2 - 1. Let j be i(-1). Let y(t) = -t**3 + 6*t**2 + 8*t - 5. Give y(j).
2
Let s(z) = 2*z + 1. Suppose 4*i + i + 15 = 0. Let u be s(i). Let a(b) = -b - 14. Let r(v) = 2*v + 31. Let x(y) = -7*a(y) - 3*r(y). Give x(u).
0
Let w(b) = b + 22. Let i be -1 + -1 + -11 + (0 - -1). Give w(i).
10
Let o(c) = 11*c**2 + 2*c. Suppose 4*r = -181 + 185. Give o(r).
13
Let n(c) = 13*c**2 + 30*c - 12. Let f(y) = 11*y**2 + 27*y - 11. Let v(u) = 6*f(u) - 5*n(u). Calculate v(-13).
7
Let p(b) = 2*b**3 + b**2 - 1. Suppose 8*f = 5*f - 6. Let z be (11/11)/(f/(-2)). What is p(z)?
2
Let d(r) = -r**2 + 4*r. Let w be d(0). Let l(v) be the second derivative of 1/20*v**5 + w - 5/12*v**4 + 1/2*v**3 - v**2 + 3*v. Calculate l(2).
-8
Let k(f) = -f**2 - 8*f + 1. Let m(p) = -p**3 + 17*p**2 - 8. Let l be (18 - 1)*(-4 - -5). Let s be m(l). Give k(s).
1
Suppose 79 - 69 = 2*k. Let z(m) = -2*m - 6 - k*m + 8*m. Calculate z(-6).
-12
Suppose 0 = -29*d + 72*d + 731. Let b(k) = k**2 + 17*k - 12. Give b(d).
-12
Let h(g) = 10 - 3*g**2 - 12*g + 3 + 7. Let v(f) = -f**2 - 4*f + 7. Let i(n) = -3*h(n) + 8*v(n). Determine i(-5).
1
Let j(x) = x**3 - 4*x**2 + x - 2. Let p(s) be the second derivative of 0 - 1/20*s**5 - 7*s**2 + 3*s**3 + 3*s + 4/3*s**4. Let z be p(17). Calculate j(z).
-8
Let h(u) be the second derivative of -u**5/20 + u**4/2 - u**3/6 - 3*u**2 + 6*u. Let y be (-4 + 37)*(-1)/(-3). Let a = -5 + y. Give h(a).
-12
Let n(r) = r**3 - r**2 + r - 1. Let a(j) = -3*j**3 - 4*j**2 + j + 7. Let x(d) = -a(d) + 2*n(d). Let p(y) = -y**3 + 1. Let i(t) = -6*p(t) - x(t). Give i(3).
9
Let i(s) = -s**2 + 5*s - 6. Let o(h) = h - 2. Let q(a) = -2*i(a) + 5*o(a). What is q(3)?
5
Suppose 10*k = 6*k + 40. Let r(z) = z - 13. Determine r(k).
-3
Let t = -13 + 15. Let g(i) = i + 21 - t*i - 14 + 0*i. Suppose 0 = -5*m + 10, v - 6*v - 3*m = -31. Determine g(v).
2
Let x(m) = -m - 23. Let z(p) = -p + 25. Let d(f) = 4*x(f) + 3*z(f). What is d(-3)?
4
Suppose -22*z - 101 - 31 = 0. Let v(o) = o**2 + 6*o - 5. Determine v(z).
-5
Let c(q) = -q**2 - 5*q + 11. Suppose -80 = -7*b + 12*b. Let w be b*(15/10 + -1). What is c(w)?
-13
Let q(g) be the third derivative of -g**6/120 - g**5/12 + 7*g**4/24 + g**3/3 - 58*g**2. Let o = 23 + -29. What is q(o)?
-4
Let x(v) = 7*v**2 + 14*v - 6. Let b(w) = -5*w**2 - 13*w + 1. Let k(l) = 3*b(l) + 2*x(l). Give k(-9).
9
Let v(k) = 9*k - 3. Let s(i) = -4*i**2 + 36*i + 2. Let a be s(9). Determine v(a).
15
Let z(j) = 5*j**2 + 3*j - 15. Let n(m) = -3*m + 8*m - 10*m + 31 - 11*m**2. Let a(d) = 6*n(d) + 13*z(d). Determine a(8).
-1
Let f be 1*4/(-4) - 5/15*6. Let n be (30/(-9))/(4/(-6)). Let d(u) = 2 + 2*u - n + 0. Determine d(f).
-9
Let r(g) = 7*g - 1. Let k be 1/(-3 - 13/(-4)). Suppose -k*f = v - 0*f + 7, 2*v = f + 4. What is r(v)?
6
Let f be ((-88)/(-55))/(2/(-5)) - -5. Let u(v) = -1 - 46*v + 48*v + 1. Determine u(f).
2
Let b(i) be the third derivative of i**5/60 - 3*i**4/8 - i**3 + 72*i**2 - 2*i. Calculate b(9).
-6
Suppose -16 - 29 = -5*j. Let p be 3*1 + j/(-9). Let a(v) = 4 + 2*v - 4*v + p*v - v. Determine a(5).
-1
Let i = -2 + 17. Let c be 22/5 + (-32)/80 + -1. Suppose -c*j = -5*p + i, -3*p + 34 = p + 2*j. Let v(s) = -2*s + 6. Give v(p).
-6
Let d(g) be the first derivative of g**4/2 - g**3/3 - g**2/2 + g - 53. Give d(1).
1
Suppose -b - 2*b + 22 = 4*a, -12 = 4*b - 5*a. Let z(v) = 291 - 4*v + 4*v + v - 143 - 149. Determine z(b).
1
Let j = 387 + -380. Let m(l) = -l**3 + 8*l**2 - 4*l - 16. Calculate m(j).
5
Suppose 0 = -3*w - 0*w + 3*o + 3, -1 = 3*w - 2*o. Let m(j) be the third derivative of j**4/12 + j**3/3 - 7*j**2. Calculate m(w).
-4
Suppose -h = 4*u - 13, -26*u + 2*h + 1 = -25*u. Let v(o) be the third derivative of -o**6/120 + o**5/30 + o**4/12 - o**3/3 - o**2. Calculate v(u).
-5
Let n(t) be the second derivative of -7/2*t**2 + 0 + 1/3*t**3 - t. Suppose 2*y = 5*d - 8, 2*y - 4*d + 6*d - 20 = 0. Calculate n(y).
5
Let d(z) be the first derivative of 3 + 1/2*z**4 + z**3 + 0*z**2 - 4*z + 1/20*z**5. Let h(c) be the first derivative of d(c). What is h(-5)?
-5
Let o(y) = -y**2 + 5*y + 8. Let r(l) = -l**2 - l. Let f be r(-2). Let q(a) = -3*a. Let k be q(f). Give o(k).
2
Let g(t) be the first derivative of t**4/4 - 2*t**3 - 7*t**2/2 - 9*t + 43. Calculate g(7).
-9
Let j(i) be the first derivative of i**4/4 + i**3 - i**2 + 3*i + 248. Give j(-4).
-5
Let r(f) be the third derivative of f**6/120 + f**5/12 - f**4/3 - f**3 + 5*f**2 + 2*f. Calculate r(-6).
6
Let y(c) = -17*c**2 - 5 - c + 16*c**2 + 10*c. Let f be y(8). Let g(l) = l**2 + 3*l - 3. Give g(f).
15
Let u(h) = -h**3 - 4*h**2 - 6. Let x(n) = -n**3 - 11*n**2 - 16*n + 14. Let d be x(-9). Let y(f) = -f**3 - 5*f**2 - f + 7. Let i be y(d). Determine u(i).
19
Let v(m) = -m - 7. Let t be (-1 + -10)*(-1)/1. Let k = -102 + 113. Let a = t - k. Calculate v(a).
-7
Suppose -1 = 4*m + 15. Let o(l) = l + 6. Let c be o(m). Let x(s) be the third derivative of s**6/60 - s**5/20 + s**4/24 - s**3/6 - 3*s**2. Determine x(c).
5
Let q(k) = 7*k - 7. Let w(a) = -a. Suppose -3*v - 5*j + 15 = -4*j, 5*v - 3*j - 39 = 0. Let r(g) = v*w(g) + q(g). Give r(6).
-1
Let s(w) be the third derivative of w**4/6 + w**3/3 + 105*w**2. Determine s(-4).
-14
Let i(c) = c**2 + 5*c + 5. Suppose -26 = 4*n + l + 3, -1 = l. Let a = 5 + n. Let j be (8/(-6))/(a/(-6)). Determine i(j).
1
Let o be 7/14 - 118/(-4). Let w be (-17)/(-5) - o/75. Suppose 2 + w = -p. Let l(t) = t**2 + 6*t + 3. What is l(p)?
-2
Suppose -5*r + 12 = -4*k, r + 3*k = 3*r - 2. Let i(o) = 3*o**2 - 11*o + 1. Let n be i(r). Let s(y) = -5*y + 5. Give s(n).
-20
Let h(i) = -i**2 - 3*i + 8. Suppose u = p - 2 + 5, 27 = -3*p - 3*u. Give h(p).
-10
Let p(d) be the third derivative of -d**6/120 + d**5/20 + d**4/6 - d**3/3 + 60*d**2. Determine p(3).
10
Let j be (4/2)/(3/(-9)). Let d(v) = 12*v. Let c be d(1). Let i(k) = 2 + c + 0*k + k + 0*k. Calculate i(j).
8
Let r(l) = -l**3 + 3*l**2 - l + 3. Suppose -3*v = 4*o - 1 - 0, -v - 4*o - 13 = 0. Let h be (1*v)/(7 + -6). Let y = h - 4. Give r(y).
0
Let w be 2/(-4)*(3 - -1). Let p(u) = 2815 + u**3 + 2813 - 5627 + u. Give p(w).
-9
Suppose -370 = -5*k - 3*m - 16, -4*k + 2*m = -292. Suppose -2*t - k = -4*t. Suppose 0 = 3*c + 4*b + 1, 11 = -c + 5*b + t. Let n(a) = a - 3. Calculate n(c).
2
Suppose 0 = -r + 6*r + 2*y + 13, -4*r - 4*y - 20 = 0. Let g(f) = 14*f**2 - 25*f**2 + 5*f**2 + 1 + 2*f + 10*f**2. Determine g(r).
3
Let d(f) = -f**2 + 7*f - 4. Let t(q) = q**2 + 17*q + 7. Let n be t(0). Calculate d(n).
-4
Let n be ((-1)/2*0)/1. Suppose n = -a - 0*a. Let u(v) = -5*v - 7*v - 4 + 13*v + 7 - 1. Determine u(a).
2
Let d(w) = w**2 + 10*w + 9. Let o be d(-8). Let k(y) = -2*y + 6. Let g(p) = -p + 7. Let u(n) = 3*g(n) - 2*k(n). Give u(o).
2
Let k(o) be the third derivative of -7*o**4/24 - o**3/3 + 324*o**2. Calculate k(2).
-16
Let n = -1132 - -1132. Let b(p) = p**2 - 33. What is b(n)?
-33
Let q(b) = 12*b**3 - b**2. Suppose 0 = -3*n - 16 - 80. Let g = 18 + n. Let f = g - -15. What is q(f)?
11
Let l(r) be the third derivative of 0 - 1/30*r**5 + 1/8*r**4 - 25*r**2 + 1/6*r**3 + 0*r. Determine l(-2).
-13
Let w be (9/6)/(3/(-4)). Let q(d) be the second derivative of d**4/8 + d**3/6 + 9*d**2/2 + 4*d. Let f(m) be the first derivative of q(m). Calculate f(w).
-5
Suppose 13*w - 19*w - 54 = 0. Let z(n) = n**3 + 9*n**2 - n - 6. Give z(w).
3
Let l = -43/3 - -175/12. Let s(t) be the second derivative of -7*t + 0 + l*t**4 + 3/2*t**2 + 5/6*t**3 + 1/20*t**5. Calculate s(-3).
-12
Let x(q) = q**3 - 6*q**2 - 6*q - 3. Let z be x(7). Let h be -2 - z - (-6 + 3). Let v(n) = -n**3 - 3*n**2 - 2*n. Give v(h).
6
Let n = 184 - 551/3. Let p(k) be the first derivative of 5 - k + n*k**3 - k**2. Calculate p(2).
-1
Suppose -t = -3*i + 4*i - 43, -2*t = -4*i - 62. Let w(c) = 4*c - 3*c**2 + 39 - 2*c**3 - t. Calculate w(-3).
15
Let d(c) be the second derivative of c**4/4 + c**3/6 - c**2 + 97*c + 3. Suppose 3*i + 2*l - 8 = 2*i, 0 = l - 3. What is d(i)?
12
Suppose -4*t = 8*t - 888. Let r = -62 + t. Let v(n) = 2*n - 16. Give v(r).
8
Let f(c) = c**2 + 5*c - 5. Let h(j) = -4*j - 1. Let w(l) = -l**2 + 14*l - 23. Let s b